{"id":2235,"date":"2023-02-07T15:48:11","date_gmt":"2023-02-07T14:48:11","guid":{"rendered":"https:\/\/www.brusselsartpole.be\/alternee\/?page_id=2235"},"modified":"2025-07-15T18:19:08","modified_gmt":"2025-07-15T16:19:08","slug":"speed-rope-dating","status":"publish","type":"page","link":"https:\/\/www.brusselsartpole.be\/alternee\/speed-rope-dating\/","title":{"rendered":"Speed Rope Dating"},"content":{"rendered":"\t\t<div data-elementor-type=\"wp-page\" data-elementor-id=\"2235\" class=\"elementor elementor-2235\" data-elementor-settings=\"[]\">\n\t\t\t\t\t\t\t<div class=\"elementor-section-wrap\">\n\t\t\t\t\t\t\t<section class=\"elementor-section elementor-top-section elementor-element elementor-element-613aea7c elementor-section-full_width elementor-section-stretched elementor-section-height-default elementor-section-height-default qodef-elementor-content-no qodef-elementor-stretch-row-no qodef-elementor-overlay-no\" data-id=\"613aea7c\" data-element_type=\"section\" data-settings=\"{&quot;stretch_section&quot;:&quot;section-stretched&quot;,&quot;background_background&quot;:&quot;classic&quot;}\">\n\t\t\t\t\t\t<div class=\"elementor-container elementor-column-gap-default\">\n\t\t\t\t\t<div class=\"elementor-column elementor-col-100 elementor-top-column elementor-element elementor-element-1a3878f5\" data-id=\"1a3878f5\" data-element_type=\"column\">\n\t\t\t<div class=\"elementor-widget-wrap elementor-element-populated\">\n\t\t\t\t\t\t\t\t<div class=\"elementor-element elementor-element-5dc654c4 elementor-widget elementor-widget-heading\" data-id=\"5dc654c4\" data-element_type=\"widget\" data-widget_type=\"heading.default\">\n\t\t\t\t<div class=\"elementor-widget-container\">\n\t\t\t<style>\/*! elementor - v3.5.0 - 12-12-2021 *\/\n.elementor-heading-title{padding:0;margin:0;line-height:1}.elementor-widget-heading .elementor-heading-title[class*=elementor-size-]>a{color:inherit;font-size:inherit;line-height:inherit}.elementor-widget-heading .elementor-heading-title.elementor-size-small{font-size:15px}.elementor-widget-heading .elementor-heading-title.elementor-size-medium{font-size:19px}.elementor-widget-heading .elementor-heading-title.elementor-size-large{font-size:29px}.elementor-widget-heading .elementor-heading-title.elementor-size-xl{font-size:39px}.elementor-widget-heading .elementor-heading-title.elementor-size-xxl{font-size:59px}<\/style><h2 class=\"elementor-heading-title elementor-size-default\">Speed Rope Dating<\/h2>\t\t<\/div>\n\t\t\t\t<\/div>\n\t\t\t\t<div class=\"elementor-element elementor-element-29580f68 elementor-widget elementor-widget-text-editor\" data-id=\"29580f68\" data-element_type=\"widget\" data-widget_type=\"text-editor.default\">\n\t\t\t\t<div class=\"elementor-widget-container\">\n\t\t\t<style>\/*! elementor - v3.5.0 - 12-12-2021 *\/\n.elementor-widget-text-editor.elementor-drop-cap-view-stacked .elementor-drop-cap{background-color:#818a91;color:#fff}.elementor-widget-text-editor.elementor-drop-cap-view-framed .elementor-drop-cap{color:#818a91;border:3px solid;background-color:transparent}.elementor-widget-text-editor:not(.elementor-drop-cap-view-default) .elementor-drop-cap{margin-top:8px}.elementor-widget-text-editor:not(.elementor-drop-cap-view-default) .elementor-drop-cap-letter{width:1em;height:1em}.elementor-widget-text-editor .elementor-drop-cap{float:left;text-align:center;line-height:1;font-size:50px}.elementor-widget-text-editor .elementor-drop-cap-letter{display:inline-block}<\/style>\t\t\t\t<p>\u00a0\u00bb Speed Rope Dating\u00a0\u00bb, qu\u2019est-ce que c\u2019est ? Un moment convivial de rencontre, de d\u00e9couverte pour cr\u00e9er de nouvelles relations dans les cordes, pour rencontrer de potentiel.les.x nouveau.elles.x partenaires.<\/p>\n<p>On commencera par un cercle de parole pour se pr\u00e9senter chacun.e.x, exposer nos limites, nos envies, nos curiosit\u00e9s, pour mettre en place un cadre bienveillant et s\u00e9curisant afin de poursuivre l\u2019exp\u00e9rience.<\/p>\n<p>Ensuite, on se l\u00e8ve, on d\u00e9ambule dans l\u2019espace pour croiser un regard, des bin\u00f4mes se forment. S\u2019en suivent de courtes sessions de 2 \u00e0 5 minutes, pr\u00e9c\u00e9d\u00e9es d\u2019une discussion, pour se pr\u00e9senter \u00e0 travers les cordes et voir si le courant passe. A la fin du temps imparti on se rel\u00e8ve, de nouveaux regards, de nouveaux bin\u00f4mes, on recommence.<\/p>\n<p>Juliette et Rapha\u00ebl seront pr\u00e9sent.e.s afin de vous guider mais \u00e9galement pour encadrer le moment et veiller \u00e0 ce que tout se passe au mieux, dans la confiance et dans la fluidit\u00e9.<\/p>\n<p><\/p>\n<p>Le speed rope dating qui devrait durer une heure environ sera suivi de deux heures de jam.<\/p>\n<p><\/p>\n<p>Il est demand\u00e9 d\u2019avoir d\u00e9j\u00e0 au moins assist\u00e9 \u00e0 une initiation de shibari pour pouvoir venir \u00e0 cet \u00e9v\u00e9nement.<\/p>\n<p><\/p>\n<p><br><\/p>\n<p><\/p>\n<p>Vous pouvez \u00e9galement venir uniquement pour la session de Jam \u00e0 20h30.<\/p>\n<p><\/p>\t\t\t\t\t\t<\/div>\n\t\t\t\t<\/div>\n\t\t\t\t<section class=\"elementor-section elementor-inner-section elementor-element elementor-element-9421f80 elementor-section-boxed elementor-section-height-default elementor-section-height-default qodef-elementor-content-no qodef-elementor-stretch-row-no qodef-elementor-overlay-no\" data-id=\"9421f80\" data-element_type=\"section\">\n\t\t\t\t\t\t<div class=\"elementor-container elementor-column-gap-default\">\n\t\t\t\t\t<div class=\"elementor-column elementor-col-50 elementor-inner-column elementor-element elementor-element-5b97801\" data-id=\"5b97801\" data-element_type=\"column\">\n\t\t\t<div class=\"elementor-widget-wrap elementor-element-populated\">\n\t\t\t\t\t\t\t\t<div class=\"elementor-element elementor-element-d262fe0 elementor-widget elementor-widget-text-editor\" data-id=\"d262fe0\" data-element_type=\"widget\" data-widget_type=\"text-editor.default\">\n\t\t\t\t<div class=\"elementor-widget-container\">\n\t\t\t\t\t\t\t<p>Tarif : 10\u20ac<\/p>\t\t\t\t\t\t<\/div>\n\t\t\t\t<\/div>\n\t\t\t\t<div class=\"elementor-element elementor-element-5ad7dd0 elementor-widget elementor-widget-qi_addons_for_elementor_button\" data-id=\"5ad7dd0\" data-element_type=\"widget\" data-widget_type=\"qi_addons_for_elementor_button.default\">\n\t\t\t\t<div class=\"elementor-widget-container\">\n\t\t\t<a class=\"qodef-shortcode qodef-m  qodef-qi-button qodef-html--link qodef-layout--textual    qodef-icon--right qodef-hover--icon-move-horizontal-short     \" href=\"https:\/\/www.eversports.be\/e\/training\/U5R4FO3h0\" target=\"_self\">\n\t<span class=\"qodef-m-text\">R\u00e9servation<\/span>\n\t\t<span class=\"qodef-m-icon \">\n\t\t<span class=\"qodef-m-icon-inner\">\n\t\t\t<i aria-hidden=\"true\" class=\"fas fa-arrow-right\"><\/i>\t\t\t\t\t<\/span>\n\t<\/span>\n<\/a>\n\t\t<\/div>\n\t\t\t\t<\/div>\n\t\t\t\t\t<\/div>\n\t\t<\/div>\n\t\t\t\t<div class=\"elementor-column elementor-col-50 elementor-inner-column elementor-element elementor-element-c421cab\" data-id=\"c421cab\" data-element_type=\"column\">\n\t\t\t<div class=\"elementor-widget-wrap elementor-element-populated\">\n\t\t\t\t\t\t\t\t<div class=\"elementor-element elementor-element-bd04e74 elementor-widget elementor-widget-image\" data-id=\"bd04e74\" data-element_type=\"widget\" data-widget_type=\"image.default\">\n\t\t\t\t<div class=\"elementor-widget-container\">\n\t\t\t<style>\/*! elementor - v3.5.0 - 12-12-2021 *\/\n.elementor-widget-image{text-align:center}.elementor-widget-image a{display:inline-block}.elementor-widget-image a img[src$=\".svg\"]{width:48px}.elementor-widget-image img{vertical-align:middle;display:inline-block}<\/style>\t\t\t\t\t\t\t\t\t\t\t\t<img width=\"1024\" height=\"418\" src=\"https:\/\/www.brusselsartpole.be\/alternee\/wp-content\/uploads\/sites\/5\/2022\/09\/jam-1024x418.jpg\" class=\"attachment-large size-large\" alt=\"\" loading=\"lazy\" srcset=\"https:\/\/www.brusselsartpole.be\/alternee\/wp-content\/uploads\/sites\/5\/2022\/09\/jam-1024x418.jpg 1024w, https:\/\/www.brusselsartpole.be\/alternee\/wp-content\/uploads\/sites\/5\/2022\/09\/jam-300x122.jpg 300w, https:\/\/www.brusselsartpole.be\/alternee\/wp-content\/uploads\/sites\/5\/2022\/09\/jam-768x313.jpg 768w, https:\/\/www.brusselsartpole.be\/alternee\/wp-content\/uploads\/sites\/5\/2022\/09\/jam-1536x627.jpg 1536w, https:\/\/www.brusselsartpole.be\/alternee\/wp-content\/uploads\/sites\/5\/2022\/09\/jam-2048x836.jpg 2048w\" sizes=\"(max-width: 1024px) 100vw, 1024px\" \/>\t\t\t\t\t\t\t\t\t\t\t\t\t\t\t<\/div>\n\t\t\t\t<\/div>\n\t\t\t\t\t<\/div>\n\t\t<\/div>\n\t\t\t\t\t\t\t<\/div>\n\t\t<\/section>\n\t\t\t\t\t<\/div>\n\t\t<\/div>\n\t\t\t\t\t\t\t<\/div>\n\t\t<\/section>\n\t\t\t\t\t\t<\/div>\n\t\t\t\t\t<\/div>\n\t\t","protected":false},"excerpt":{"rendered":"<p>Speed Rope Dating \u00a0\u00bb Speed Rope Dating\u00a0\u00bb, qu\u2019est-ce que c\u2019est ? Un moment convivial de rencontre, de d\u00e9couverte pour cr\u00e9er de nouvelles relations dans les cordes, pour rencontrer de potentiel.les.x [&hellip;]<\/p>\n","protected":false},"author":2,"featured_media":0,"parent":0,"menu_order":0,"comment_status":"closed","ping_status":"closed","template":"","meta":[],"yoast_head":"<!-- This site is optimized with the Yoast SEO plugin v18.3 - https:\/\/yoast.com\/wordpress\/plugins\/seo\/ -->\n<title>Speed Rope Dating - L&#039;Altern\u00e9e<\/title>\n<meta name=\"description\" content=\"Un moment convivial de rencontre, de d\u00e9couverte pour cr\u00e9er de nouvelles relations dans les cordes, pour rencontrer de potentiel.les.x nouveau.elles.x partenaires.\" \/>\n<meta name=\"robots\" content=\"index, follow, max-snippet:-1, max-image-preview:large, max-video-preview:-1\" \/>\n<link rel=\"canonical\" href=\"https:\/\/www.brusselsartpole.be\/alternee\/speed-rope-dating\/\" \/>\n<meta property=\"og:locale\" content=\"fr_FR\" \/>\n<meta property=\"og:type\" content=\"article\" \/>\n<meta property=\"og:title\" content=\"Speed Rope Dating - L&#039;Altern\u00e9e\" \/>\n<meta property=\"og:description\" content=\"Un moment convivial de rencontre, de d\u00e9couverte pour cr\u00e9er de nouvelles relations dans les cordes, pour rencontrer de potentiel.les.x nouveau.elles.x partenaires.\" \/>\n<meta property=\"og:url\" content=\"https:\/\/www.brusselsartpole.be\/alternee\/speed-rope-dating\/\" \/>\n<meta property=\"og:site_name\" content=\"L&#039;Altern\u00e9e\" \/>\n<meta property=\"article:modified_time\" content=\"2025-07-15T16:19:08+00:00\" \/>\n<meta property=\"og:image\" content=\"https:\/\/www.brusselsartpole.be\/alternee\/wp-content\/uploads\/sites\/5\/2022\/09\/jam-1024x418.jpg\" \/>\n<meta name=\"twitter:card\" content=\"summary_large_image\" \/>\n<meta name=\"twitter:label1\" content=\"Dur\u00e9e de lecture estim\u00e9e\" \/>\n\t<meta name=\"twitter:data1\" content=\"2 minutes\" \/>\n<script type=\"application\/ld+json\" class=\"yoast-schema-graph\">{\"@context\":\"https:\/\/schema.org\",\"@graph\":[{\"@type\":\"WebSite\",\"@id\":\"https:\/\/www.brusselsartpole.be\/alternee\/#website\",\"url\":\"https:\/\/www.brusselsartpole.be\/alternee\/\",\"name\":\"L&#039;Altern\u00e9e\",\"description\":\"Espace d&#039;exploration intime \",\"potentialAction\":[{\"@type\":\"SearchAction\",\"target\":{\"@type\":\"EntryPoint\",\"urlTemplate\":\"https:\/\/www.brusselsartpole.be\/alternee\/?s={search_term_string}\"},\"query-input\":\"required name=search_term_string\"}],\"inLanguage\":\"fr-FR\"},{\"@type\":\"ImageObject\",\"@id\":\"https:\/\/www.brusselsartpole.be\/alternee\/speed-rope-dating\/#primaryimage\",\"inLanguage\":\"fr-FR\",\"url\":\"https:\/\/www.brusselsartpole.be\/alternee\/wp-content\/uploads\/sites\/5\/2022\/09\/jam.jpg\",\"contentUrl\":\"https:\/\/www.brusselsartpole.be\/alternee\/wp-content\/uploads\/sites\/5\/2022\/09\/jam.jpg\",\"width\":2267,\"height\":925},{\"@type\":\"WebPage\",\"@id\":\"https:\/\/www.brusselsartpole.be\/alternee\/speed-rope-dating\/#webpage\",\"url\":\"https:\/\/www.brusselsartpole.be\/alternee\/speed-rope-dating\/\",\"name\":\"Speed Rope Dating - L&#039;Altern\u00e9e\",\"isPartOf\":{\"@id\":\"https:\/\/www.brusselsartpole.be\/alternee\/#website\"},\"primaryImageOfPage\":{\"@id\":\"https:\/\/www.brusselsartpole.be\/alternee\/speed-rope-dating\/#primaryimage\"},\"datePublished\":\"2023-02-07T14:48:11+00:00\",\"dateModified\":\"2025-07-15T16:19:08+00:00\",\"description\":\"Un moment convivial de rencontre, de d\u00e9couverte pour cr\u00e9er de nouvelles relations dans les cordes, pour rencontrer de potentiel.les.x nouveau.elles.x partenaires.\",\"breadcrumb\":{\"@id\":\"https:\/\/www.brusselsartpole.be\/alternee\/speed-rope-dating\/#breadcrumb\"},\"inLanguage\":\"fr-FR\",\"potentialAction\":[{\"@type\":\"ReadAction\",\"target\":[\"https:\/\/www.brusselsartpole.be\/alternee\/speed-rope-dating\/\"]}]},{\"@type\":\"BreadcrumbList\",\"@id\":\"https:\/\/www.brusselsartpole.be\/alternee\/speed-rope-dating\/#breadcrumb\",\"itemListElement\":[{\"@type\":\"ListItem\",\"position\":1,\"name\":\"Accueil\",\"item\":\"https:\/\/www.brusselsartpole.be\/alternee\/\"},{\"@type\":\"ListItem\",\"position\":2,\"name\":\"Speed Rope Dating\"}]}]}<\/script>\n<!-- \/ Yoast SEO plugin. -->","yoast_head_json":{"title":"Speed Rope Dating - L&#039;Altern\u00e9e","description":"Un moment convivial de rencontre, de d\u00e9couverte pour cr\u00e9er de nouvelles relations dans les cordes, pour rencontrer de potentiel.les.x nouveau.elles.x partenaires.","robots":{"index":"index","follow":"follow","max-snippet":"max-snippet:-1","max-image-preview":"max-image-preview:large","max-video-preview":"max-video-preview:-1"},"canonical":"https:\/\/www.brusselsartpole.be\/alternee\/speed-rope-dating\/","og_locale":"fr_FR","og_type":"article","og_title":"Speed Rope Dating - L&#039;Altern\u00e9e","og_description":"Un moment convivial de rencontre, de d\u00e9couverte pour cr\u00e9er de nouvelles relations dans les cordes, pour rencontrer de potentiel.les.x nouveau.elles.x partenaires.","og_url":"https:\/\/www.brusselsartpole.be\/alternee\/speed-rope-dating\/","og_site_name":"L&#039;Altern\u00e9e","article_modified_time":"2025-07-15T16:19:08+00:00","og_image":[{"url":"https:\/\/www.brusselsartpole.be\/alternee\/wp-content\/uploads\/sites\/5\/2022\/09\/jam-1024x418.jpg"}],"twitter_card":"summary_large_image","twitter_misc":{"Dur\u00e9e de lecture estim\u00e9e":"2 minutes"},"schema":{"@context":"https:\/\/schema.org","@graph":[{"@type":"WebSite","@id":"https:\/\/www.brusselsartpole.be\/alternee\/#website","url":"https:\/\/www.brusselsartpole.be\/alternee\/","name":"L&#039;Altern\u00e9e","description":"Espace d&#039;exploration intime ","potentialAction":[{"@type":"SearchAction","target":{"@type":"EntryPoint","urlTemplate":"https:\/\/www.brusselsartpole.be\/alternee\/?s={search_term_string}"},"query-input":"required name=search_term_string"}],"inLanguage":"fr-FR"},{"@type":"ImageObject","@id":"https:\/\/www.brusselsartpole.be\/alternee\/speed-rope-dating\/#primaryimage","inLanguage":"fr-FR","url":"https:\/\/www.brusselsartpole.be\/alternee\/wp-content\/uploads\/sites\/5\/2022\/09\/jam.jpg","contentUrl":"https:\/\/www.brusselsartpole.be\/alternee\/wp-content\/uploads\/sites\/5\/2022\/09\/jam.jpg","width":2267,"height":925},{"@type":"WebPage","@id":"https:\/\/www.brusselsartpole.be\/alternee\/speed-rope-dating\/#webpage","url":"https:\/\/www.brusselsartpole.be\/alternee\/speed-rope-dating\/","name":"Speed Rope Dating - L&#039;Altern\u00e9e","isPartOf":{"@id":"https:\/\/www.brusselsartpole.be\/alternee\/#website"},"primaryImageOfPage":{"@id":"https:\/\/www.brusselsartpole.be\/alternee\/speed-rope-dating\/#primaryimage"},"datePublished":"2023-02-07T14:48:11+00:00","dateModified":"2025-07-15T16:19:08+00:00","description":"Un moment convivial de rencontre, de d\u00e9couverte pour cr\u00e9er de nouvelles relations dans les cordes, pour rencontrer de potentiel.les.x nouveau.elles.x partenaires.","breadcrumb":{"@id":"https:\/\/www.brusselsartpole.be\/alternee\/speed-rope-dating\/#breadcrumb"},"inLanguage":"fr-FR","potentialAction":[{"@type":"ReadAction","target":["https:\/\/www.brusselsartpole.be\/alternee\/speed-rope-dating\/"]}]},{"@type":"BreadcrumbList","@id":"https:\/\/www.brusselsartpole.be\/alternee\/speed-rope-dating\/#breadcrumb","itemListElement":[{"@type":"ListItem","position":1,"name":"Accueil","item":"https:\/\/www.brusselsartpole.be\/alternee\/"},{"@type":"ListItem","position":2,"name":"Speed Rope Dating"}]}]}},"_links":{"self":[{"href":"https:\/\/www.brusselsartpole.be\/alternee\/wp-json\/wp\/v2\/pages\/2235"}],"collection":[{"href":"https:\/\/www.brusselsartpole.be\/alternee\/wp-json\/wp\/v2\/pages"}],"about":[{"href":"https:\/\/www.brusselsartpole.be\/alternee\/wp-json\/wp\/v2\/types\/page"}],"author":[{"embeddable":true,"href":"https:\/\/www.brusselsartpole.be\/alternee\/wp-json\/wp\/v2\/users\/2"}],"replies":[{"embeddable":true,"href":"https:\/\/www.brusselsartpole.be\/alternee\/wp-json\/wp\/v2\/comments?post=2235"}],"version-history":[{"count":18,"href":"https:\/\/www.brusselsartpole.be\/alternee\/wp-json\/wp\/v2\/pages\/2235\/revisions"}],"predecessor-version":[{"id":4175,"href":"https:\/\/www.brusselsartpole.be\/alternee\/wp-json\/wp\/v2\/pages\/2235\/revisions\/4175"}],"wp:attachment":[{"href":"https:\/\/www.brusselsartpole.be\/alternee\/wp-json\/wp\/v2\/media?parent=2235"}],"curies":[{"name":"wp","href":"https:\/\/api.w.org\/{rel}","templated":true}]}}